{"id":2,"date":"2023-02-28T16:36:03","date_gmt":"2023-02-28T16:36:03","guid":{"rendered":"http:\/\/danish-biofiber.com\/?page_id=2"},"modified":"2023-03-08T12:45:01","modified_gmt":"2023-03-08T12:45:01","slug":"sample-page","status":"publish","type":"page","link":"https:\/\/danish-biofiber.com\/","title":{"rendered":"Dansk"},"content":{"rendered":"\n<p>Denne dansk udviklet milj\u00f8urne er fremstillet i plantefiber og nedbrydes uden problemer i naturen &#8211; hastigheden p\u00e5 nedbrydelsesfasen er naturligvis afh\u00e6ngig af fugtighed, temperatur og surhedsgraden p\u00e5 jorden, men vi har valgt ikke at tilf\u00f8jet kemiske acceleratorer for at fremme nedbrydningen unaturligt.<\/p>\n\n\n\n<blockquote class=\"wp-block-quote is-layout-flow wp-block-quote-is-layout-flow\">\n<p>Naturvenlig urne udf\u00f8rt i et elegant design med mulighed for at montere for eksempel blomster direkte p\u00e5 urnen.<\/p>\n<\/blockquote>\n\n\n\n<h2 class=\"wp-block-heading\">Giv et personligt pr\u00e6g<\/h2>\n\n\n\n<figure class=\"wp-block-gallery has-nested-images columns-4 is-cropped has-background wp-block-gallery-1 is-layout-flex wp-block-gallery-is-layout-flex\" style=\"background-color:#009846\">\n<figure class=\"wp-block-image size-large\"><img loading=\"lazy\" decoding=\"async\" width=\"800\" height=\"800\" data-id=\"92\" src=\"https:\/\/danish-biofiber.com\/wp-content\/uploads\/2023\/03\/ECO-BIO-urne-white-rose.jpg\" alt=\"ECO-BIO urne white-rose Danish Biofiber\" class=\"wp-image-92\" srcset=\"https:\/\/danish-biofiber.com\/wp-content\/uploads\/2023\/03\/ECO-BIO-urne-white-rose.jpg 800w, https:\/\/danish-biofiber.com\/wp-content\/uploads\/2023\/03\/ECO-BIO-urne-white-rose-300x300.jpg 300w, https:\/\/danish-biofiber.com\/wp-content\/uploads\/2023\/03\/ECO-BIO-urne-white-rose-150x150.jpg 150w, https:\/\/danish-biofiber.com\/wp-content\/uploads\/2023\/03\/ECO-BIO-urne-white-rose-768x768.jpg 768w\" sizes=\"auto, (max-width: 800px) 100vw, 800px\" \/><figcaption class=\"wp-element-caption\">ECO-BIO urne white-rose Danish Biofiber<\/figcaption><\/figure>\n\n\n\n<figure class=\"wp-block-image size-large\"><img loading=\"lazy\" decoding=\"async\" width=\"800\" height=\"800\" data-id=\"77\" src=\"https:\/\/danish-biofiber.com\/wp-content\/uploads\/2023\/03\/ECO-BIO-urne-blue-rose.jpg\" alt=\"ECO-BIO urne blue-rose Danish Biofiber\" class=\"wp-image-77\" srcset=\"https:\/\/danish-biofiber.com\/wp-content\/uploads\/2023\/03\/ECO-BIO-urne-blue-rose.jpg 800w, https:\/\/danish-biofiber.com\/wp-content\/uploads\/2023\/03\/ECO-BIO-urne-blue-rose-300x300.jpg 300w, https:\/\/danish-biofiber.com\/wp-content\/uploads\/2023\/03\/ECO-BIO-urne-blue-rose-150x150.jpg 150w, https:\/\/danish-biofiber.com\/wp-content\/uploads\/2023\/03\/ECO-BIO-urne-blue-rose-768x768.jpg 768w\" sizes=\"auto, (max-width: 800px) 100vw, 800px\" \/><figcaption class=\"wp-element-caption\">ECO-BIO urne blue-rose Danish Biofiber<\/figcaption><\/figure>\n\n\n\n<figure class=\"wp-block-image size-large\"><img loading=\"lazy\" decoding=\"async\" width=\"800\" height=\"800\" data-id=\"82\" src=\"https:\/\/danish-biofiber.com\/wp-content\/uploads\/2023\/03\/ECO-BIO-urne-green-rose.jpg\" alt=\"ECO-BIO urne green-rose Danish Biofiber\" class=\"wp-image-82\" srcset=\"https:\/\/danish-biofiber.com\/wp-content\/uploads\/2023\/03\/ECO-BIO-urne-green-rose.jpg 800w, https:\/\/danish-biofiber.com\/wp-content\/uploads\/2023\/03\/ECO-BIO-urne-green-rose-300x300.jpg 300w, https:\/\/danish-biofiber.com\/wp-content\/uploads\/2023\/03\/ECO-BIO-urne-green-rose-150x150.jpg 150w, https:\/\/danish-biofiber.com\/wp-content\/uploads\/2023\/03\/ECO-BIO-urne-green-rose-768x768.jpg 768w\" sizes=\"auto, (max-width: 800px) 100vw, 800px\" \/><figcaption class=\"wp-element-caption\">ECO-BIO urne green-rose Danish Biofiber<\/figcaption><\/figure>\n\n\n\n<figure class=\"wp-block-image size-large\"><img loading=\"lazy\" decoding=\"async\" width=\"800\" height=\"800\" data-id=\"87\" src=\"https:\/\/danish-biofiber.com\/wp-content\/uploads\/2023\/03\/ECO-BIO-urne-red-rose.jpg\" alt=\"ECO-BIO urne red-rose Danish Biofiber\" class=\"wp-image-87\" srcset=\"https:\/\/danish-biofiber.com\/wp-content\/uploads\/2023\/03\/ECO-BIO-urne-red-rose.jpg 800w, https:\/\/danish-biofiber.com\/wp-content\/uploads\/2023\/03\/ECO-BIO-urne-red-rose-300x300.jpg 300w, https:\/\/danish-biofiber.com\/wp-content\/uploads\/2023\/03\/ECO-BIO-urne-red-rose-150x150.jpg 150w, https:\/\/danish-biofiber.com\/wp-content\/uploads\/2023\/03\/ECO-BIO-urne-red-rose-768x768.jpg 768w\" sizes=\"auto, (max-width: 800px) 100vw, 800px\" \/><figcaption class=\"wp-element-caption\">ECO-BIO urne red-rose Danish Biofiber<\/figcaption><\/figure>\n<\/figure>\n\n\n\n<p>I disse tider hvor milj\u00f8debatten over hele verden er mere fremtr\u00e6dende vil denne urne v\u00e6re et naturligt og milj\u00f8venligt valg ved begravelser, i mods\u00e6tning til de mange urner fremstillet i ikke nedbrydelige materialer eller tilsatte kemikalier. Urnen er produceret i Danmark og r\u00e5varen kommer fra Tyskland, et aktivt valg for at reducere CO<sub>2<\/sub> udledningen maksimalt ved at minimere transport.<\/p>\n\n\n\n<h2 class=\"wp-block-heading\">Farve p\u00e5 urnerne<\/h2>\n\n\n\n<figure class=\"wp-block-gallery has-nested-images columns-4 is-cropped has-background wp-block-gallery-2 is-layout-flex wp-block-gallery-is-layout-flex\" style=\"background-color:#009846\">\n<figure class=\"wp-block-image size-large\"><img loading=\"lazy\" decoding=\"async\" width=\"800\" height=\"800\" data-id=\"93\" src=\"https:\/\/danish-biofiber.com\/wp-content\/uploads\/2023\/03\/ECO-BIO-urne-white-white.jpg\" alt=\"ECO-BIO urne white-white Danish Biofiber\" class=\"wp-image-93\" srcset=\"https:\/\/danish-biofiber.com\/wp-content\/uploads\/2023\/03\/ECO-BIO-urne-white-white.jpg 800w, https:\/\/danish-biofiber.com\/wp-content\/uploads\/2023\/03\/ECO-BIO-urne-white-white-300x300.jpg 300w, https:\/\/danish-biofiber.com\/wp-content\/uploads\/2023\/03\/ECO-BIO-urne-white-white-150x150.jpg 150w, https:\/\/danish-biofiber.com\/wp-content\/uploads\/2023\/03\/ECO-BIO-urne-white-white-768x768.jpg 768w\" sizes=\"auto, (max-width: 800px) 100vw, 800px\" \/><figcaption class=\"wp-element-caption\">ECO-BIO urne white-white Danish Biofiber<\/figcaption><\/figure>\n\n\n\n<figure class=\"wp-block-image size-large\"><img loading=\"lazy\" decoding=\"async\" width=\"800\" height=\"800\" data-id=\"89\" src=\"https:\/\/danish-biofiber.com\/wp-content\/uploads\/2023\/03\/ECO-BIO-urne-white-blue.jpg\" alt=\"ECO-BIO urne white-blue Danish Biofiber\" class=\"wp-image-89\" srcset=\"https:\/\/danish-biofiber.com\/wp-content\/uploads\/2023\/03\/ECO-BIO-urne-white-blue.jpg 800w, https:\/\/danish-biofiber.com\/wp-content\/uploads\/2023\/03\/ECO-BIO-urne-white-blue-300x300.jpg 300w, https:\/\/danish-biofiber.com\/wp-content\/uploads\/2023\/03\/ECO-BIO-urne-white-blue-150x150.jpg 150w, https:\/\/danish-biofiber.com\/wp-content\/uploads\/2023\/03\/ECO-BIO-urne-white-blue-768x768.jpg 768w\" sizes=\"auto, (max-width: 800px) 100vw, 800px\" \/><figcaption class=\"wp-element-caption\">ECO-BIO urne white-blue Danish Biofiber<\/figcaption><\/figure>\n\n\n\n<figure class=\"wp-block-image size-large\"><img loading=\"lazy\" decoding=\"async\" width=\"800\" height=\"800\" data-id=\"90\" src=\"https:\/\/danish-biofiber.com\/wp-content\/uploads\/2023\/03\/ECO-BIO-urne-white-green.jpg\" alt=\"ECO-BIO urne white-green Danish Biofiber\" class=\"wp-image-90\" srcset=\"https:\/\/danish-biofiber.com\/wp-content\/uploads\/2023\/03\/ECO-BIO-urne-white-green.jpg 800w, https:\/\/danish-biofiber.com\/wp-content\/uploads\/2023\/03\/ECO-BIO-urne-white-green-300x300.jpg 300w, https:\/\/danish-biofiber.com\/wp-content\/uploads\/2023\/03\/ECO-BIO-urne-white-green-150x150.jpg 150w, https:\/\/danish-biofiber.com\/wp-content\/uploads\/2023\/03\/ECO-BIO-urne-white-green-768x768.jpg 768w\" sizes=\"auto, (max-width: 800px) 100vw, 800px\" \/><figcaption class=\"wp-element-caption\">ECO-BIO urne white-green Danish Biofiber<\/figcaption><\/figure>\n\n\n\n<figure class=\"wp-block-image size-large\"><img loading=\"lazy\" decoding=\"async\" width=\"800\" height=\"800\" data-id=\"91\" src=\"https:\/\/danish-biofiber.com\/wp-content\/uploads\/2023\/03\/ECO-BIO-urne-white-red.jpg\" alt=\"ECO-BIO urne white-red Danish Biofiber\" class=\"wp-image-91\" srcset=\"https:\/\/danish-biofiber.com\/wp-content\/uploads\/2023\/03\/ECO-BIO-urne-white-red.jpg 800w, https:\/\/danish-biofiber.com\/wp-content\/uploads\/2023\/03\/ECO-BIO-urne-white-red-300x300.jpg 300w, https:\/\/danish-biofiber.com\/wp-content\/uploads\/2023\/03\/ECO-BIO-urne-white-red-150x150.jpg 150w, https:\/\/danish-biofiber.com\/wp-content\/uploads\/2023\/03\/ECO-BIO-urne-white-red-768x768.jpg 768w\" sizes=\"auto, (max-width: 800px) 100vw, 800px\" \/><figcaption class=\"wp-element-caption\">ECO-BIO urne white-red Danish Biofiber<\/figcaption><\/figure>\n\n\n\n<figure class=\"wp-block-image size-large\"><img loading=\"lazy\" decoding=\"async\" width=\"800\" height=\"800\" data-id=\"74\" src=\"https:\/\/danish-biofiber.com\/wp-content\/uploads\/2023\/03\/ECO-BIO-urne-blue-blue.jpg\" alt=\"ECO-BIO urne blue-blue Danish Biofiber\" class=\"wp-image-74\" srcset=\"https:\/\/danish-biofiber.com\/wp-content\/uploads\/2023\/03\/ECO-BIO-urne-blue-blue.jpg 800w, https:\/\/danish-biofiber.com\/wp-content\/uploads\/2023\/03\/ECO-BIO-urne-blue-blue-300x300.jpg 300w, https:\/\/danish-biofiber.com\/wp-content\/uploads\/2023\/03\/ECO-BIO-urne-blue-blue-150x150.jpg 150w, https:\/\/danish-biofiber.com\/wp-content\/uploads\/2023\/03\/ECO-BIO-urne-blue-blue-768x768.jpg 768w\" sizes=\"auto, (max-width: 800px) 100vw, 800px\" \/><figcaption class=\"wp-element-caption\">ECO-BIO urne blue-blue Danish Biofiber<\/figcaption><\/figure>\n\n\n\n<figure class=\"wp-block-image size-large\"><img loading=\"lazy\" decoding=\"async\" width=\"800\" height=\"800\" data-id=\"78\" src=\"https:\/\/danish-biofiber.com\/wp-content\/uploads\/2023\/03\/ECO-BIO-urne-blue-white.jpg\" alt=\"ECO-BIO urne blue-white Danish Biofiber\" class=\"wp-image-78\" srcset=\"https:\/\/danish-biofiber.com\/wp-content\/uploads\/2023\/03\/ECO-BIO-urne-blue-white.jpg 800w, https:\/\/danish-biofiber.com\/wp-content\/uploads\/2023\/03\/ECO-BIO-urne-blue-white-300x300.jpg 300w, https:\/\/danish-biofiber.com\/wp-content\/uploads\/2023\/03\/ECO-BIO-urne-blue-white-150x150.jpg 150w, https:\/\/danish-biofiber.com\/wp-content\/uploads\/2023\/03\/ECO-BIO-urne-blue-white-768x768.jpg 768w\" sizes=\"auto, (max-width: 800px) 100vw, 800px\" \/><figcaption class=\"wp-element-caption\">ECO-BIO urne blue-white Danish Biofiber<\/figcaption><\/figure>\n\n\n\n<figure class=\"wp-block-image size-large\"><img loading=\"lazy\" decoding=\"async\" width=\"800\" height=\"800\" data-id=\"75\" src=\"https:\/\/danish-biofiber.com\/wp-content\/uploads\/2023\/03\/ECO-BIO-urne-blue-green.jpg\" alt=\"ECO-BIO urne blue-green Danish Biofiber\" class=\"wp-image-75\" srcset=\"https:\/\/danish-biofiber.com\/wp-content\/uploads\/2023\/03\/ECO-BIO-urne-blue-green.jpg 800w, https:\/\/danish-biofiber.com\/wp-content\/uploads\/2023\/03\/ECO-BIO-urne-blue-green-300x300.jpg 300w, https:\/\/danish-biofiber.com\/wp-content\/uploads\/2023\/03\/ECO-BIO-urne-blue-green-150x150.jpg 150w, https:\/\/danish-biofiber.com\/wp-content\/uploads\/2023\/03\/ECO-BIO-urne-blue-green-768x768.jpg 768w\" sizes=\"auto, (max-width: 800px) 100vw, 800px\" \/><figcaption class=\"wp-element-caption\">ECO-BIO urne blue-green Danish Biofiber<\/figcaption><\/figure>\n\n\n\n<figure class=\"wp-block-image size-large\"><img loading=\"lazy\" decoding=\"async\" width=\"800\" height=\"800\" data-id=\"76\" src=\"https:\/\/danish-biofiber.com\/wp-content\/uploads\/2023\/03\/ECO-BIO-urne-blue-red.jpg\" alt=\"ECO-BIO urne blue-red Danish Biofiber\" class=\"wp-image-76\" srcset=\"https:\/\/danish-biofiber.com\/wp-content\/uploads\/2023\/03\/ECO-BIO-urne-blue-red.jpg 800w, https:\/\/danish-biofiber.com\/wp-content\/uploads\/2023\/03\/ECO-BIO-urne-blue-red-300x300.jpg 300w, https:\/\/danish-biofiber.com\/wp-content\/uploads\/2023\/03\/ECO-BIO-urne-blue-red-150x150.jpg 150w, https:\/\/danish-biofiber.com\/wp-content\/uploads\/2023\/03\/ECO-BIO-urne-blue-red-768x768.jpg 768w\" sizes=\"auto, (max-width: 800px) 100vw, 800px\" \/><figcaption class=\"wp-element-caption\">ECO-BIO urne blue-red Danish Biofiber<\/figcaption><\/figure>\n\n\n\n<figure class=\"wp-block-image size-large\"><img loading=\"lazy\" decoding=\"async\" width=\"800\" height=\"800\" data-id=\"94\" src=\"https:\/\/danish-biofiber.com\/wp-content\/uploads\/2023\/03\/ECO-BIO-urne-green-green.jpg\" alt=\"ECO-BIO urne green-green Danish Biofiber\" class=\"wp-image-94\" srcset=\"https:\/\/danish-biofiber.com\/wp-content\/uploads\/2023\/03\/ECO-BIO-urne-green-green.jpg 800w, https:\/\/danish-biofiber.com\/wp-content\/uploads\/2023\/03\/ECO-BIO-urne-green-green-300x300.jpg 300w, https:\/\/danish-biofiber.com\/wp-content\/uploads\/2023\/03\/ECO-BIO-urne-green-green-150x150.jpg 150w, https:\/\/danish-biofiber.com\/wp-content\/uploads\/2023\/03\/ECO-BIO-urne-green-green-768x768.jpg 768w\" sizes=\"auto, (max-width: 800px) 100vw, 800px\" \/><figcaption class=\"wp-element-caption\">ECO-BIO urne green-green Danish Biofiber<\/figcaption><\/figure>\n\n\n\n<figure class=\"wp-block-image size-large\"><img loading=\"lazy\" decoding=\"async\" width=\"800\" height=\"800\" data-id=\"83\" src=\"https:\/\/danish-biofiber.com\/wp-content\/uploads\/2023\/03\/ECO-BIO-urne-green-white.jpg\" alt=\"ECO-BIO urne green-white Danish Biofiber\" class=\"wp-image-83\" srcset=\"https:\/\/danish-biofiber.com\/wp-content\/uploads\/2023\/03\/ECO-BIO-urne-green-white.jpg 800w, https:\/\/danish-biofiber.com\/wp-content\/uploads\/2023\/03\/ECO-BIO-urne-green-white-300x300.jpg 300w, https:\/\/danish-biofiber.com\/wp-content\/uploads\/2023\/03\/ECO-BIO-urne-green-white-150x150.jpg 150w, https:\/\/danish-biofiber.com\/wp-content\/uploads\/2023\/03\/ECO-BIO-urne-green-white-768x768.jpg 768w\" sizes=\"auto, (max-width: 800px) 100vw, 800px\" \/><figcaption class=\"wp-element-caption\">ECO-BIO urne green-white Danish Biofiber<\/figcaption><\/figure>\n\n\n\n<figure class=\"wp-block-image size-large\"><img loading=\"lazy\" decoding=\"async\" width=\"800\" height=\"800\" data-id=\"79\" src=\"https:\/\/danish-biofiber.com\/wp-content\/uploads\/2023\/03\/ECO-BIO-urne-green-blue.jpg\" alt=\"ECO-BIO urne green-blue Danish Biofiber\" class=\"wp-image-79\" srcset=\"https:\/\/danish-biofiber.com\/wp-content\/uploads\/2023\/03\/ECO-BIO-urne-green-blue.jpg 800w, https:\/\/danish-biofiber.com\/wp-content\/uploads\/2023\/03\/ECO-BIO-urne-green-blue-300x300.jpg 300w, https:\/\/danish-biofiber.com\/wp-content\/uploads\/2023\/03\/ECO-BIO-urne-green-blue-150x150.jpg 150w, https:\/\/danish-biofiber.com\/wp-content\/uploads\/2023\/03\/ECO-BIO-urne-green-blue-768x768.jpg 768w\" sizes=\"auto, (max-width: 800px) 100vw, 800px\" \/><figcaption class=\"wp-element-caption\">ECO-BIO urne green-blue Danish Biofiber<\/figcaption><\/figure>\n\n\n\n<figure class=\"wp-block-image size-large\"><img loading=\"lazy\" decoding=\"async\" width=\"800\" height=\"800\" data-id=\"81\" src=\"https:\/\/danish-biofiber.com\/wp-content\/uploads\/2023\/03\/ECO-BIO-urne-green-red.jpg\" alt=\"ECO-BIO urne green-red Danish Biofiber\" class=\"wp-image-81\" srcset=\"https:\/\/danish-biofiber.com\/wp-content\/uploads\/2023\/03\/ECO-BIO-urne-green-red.jpg 800w, https:\/\/danish-biofiber.com\/wp-content\/uploads\/2023\/03\/ECO-BIO-urne-green-red-300x300.jpg 300w, https:\/\/danish-biofiber.com\/wp-content\/uploads\/2023\/03\/ECO-BIO-urne-green-red-150x150.jpg 150w, https:\/\/danish-biofiber.com\/wp-content\/uploads\/2023\/03\/ECO-BIO-urne-green-red-768x768.jpg 768w\" sizes=\"auto, (max-width: 800px) 100vw, 800px\" \/><figcaption class=\"wp-element-caption\">ECO-BIO urne green-red Danish Biofiber<\/figcaption><\/figure>\n\n\n\n<figure class=\"wp-block-image size-large\"><img loading=\"lazy\" decoding=\"async\" width=\"800\" height=\"800\" data-id=\"86\" src=\"https:\/\/danish-biofiber.com\/wp-content\/uploads\/2023\/03\/ECO-BIO-urne-red-red.jpg\" alt=\"ECO-BIO urne red-red Danish Biofiber\" class=\"wp-image-86\" srcset=\"https:\/\/danish-biofiber.com\/wp-content\/uploads\/2023\/03\/ECO-BIO-urne-red-red.jpg 800w, https:\/\/danish-biofiber.com\/wp-content\/uploads\/2023\/03\/ECO-BIO-urne-red-red-300x300.jpg 300w, https:\/\/danish-biofiber.com\/wp-content\/uploads\/2023\/03\/ECO-BIO-urne-red-red-150x150.jpg 150w, https:\/\/danish-biofiber.com\/wp-content\/uploads\/2023\/03\/ECO-BIO-urne-red-red-768x768.jpg 768w\" sizes=\"auto, (max-width: 800px) 100vw, 800px\" \/><figcaption class=\"wp-element-caption\">ECO-BIO urne red-red Danish Biofiber<\/figcaption><\/figure>\n\n\n\n<figure class=\"wp-block-image size-large\"><img loading=\"lazy\" decoding=\"async\" width=\"800\" height=\"800\" data-id=\"88\" src=\"https:\/\/danish-biofiber.com\/wp-content\/uploads\/2023\/03\/ECO-BIO-urne-red-white.jpg\" alt=\"ECO-BIO urne red-white Danish Biofiber\" class=\"wp-image-88\" srcset=\"https:\/\/danish-biofiber.com\/wp-content\/uploads\/2023\/03\/ECO-BIO-urne-red-white.jpg 800w, https:\/\/danish-biofiber.com\/wp-content\/uploads\/2023\/03\/ECO-BIO-urne-red-white-300x300.jpg 300w, https:\/\/danish-biofiber.com\/wp-content\/uploads\/2023\/03\/ECO-BIO-urne-red-white-150x150.jpg 150w, https:\/\/danish-biofiber.com\/wp-content\/uploads\/2023\/03\/ECO-BIO-urne-red-white-768x768.jpg 768w\" sizes=\"auto, (max-width: 800px) 100vw, 800px\" \/><figcaption class=\"wp-element-caption\">ECO-BIO urne red-white Danish Biofiber<\/figcaption><\/figure>\n\n\n\n<figure class=\"wp-block-image size-large\"><img loading=\"lazy\" decoding=\"async\" width=\"800\" height=\"800\" data-id=\"84\" src=\"https:\/\/danish-biofiber.com\/wp-content\/uploads\/2023\/03\/ECO-BIO-urne-red-blue.jpg\" alt=\"ECO-BIO urne red-blue Danish Biofiber\" class=\"wp-image-84\" srcset=\"https:\/\/danish-biofiber.com\/wp-content\/uploads\/2023\/03\/ECO-BIO-urne-red-blue.jpg 800w, https:\/\/danish-biofiber.com\/wp-content\/uploads\/2023\/03\/ECO-BIO-urne-red-blue-300x300.jpg 300w, https:\/\/danish-biofiber.com\/wp-content\/uploads\/2023\/03\/ECO-BIO-urne-red-blue-150x150.jpg 150w, https:\/\/danish-biofiber.com\/wp-content\/uploads\/2023\/03\/ECO-BIO-urne-red-blue-768x768.jpg 768w\" sizes=\"auto, (max-width: 800px) 100vw, 800px\" \/><figcaption class=\"wp-element-caption\">ECO-BIO urne red-blue Danish Biofiber<\/figcaption><\/figure>\n\n\n\n<figure class=\"wp-block-image size-large\"><img loading=\"lazy\" decoding=\"async\" width=\"800\" height=\"800\" data-id=\"85\" src=\"https:\/\/danish-biofiber.com\/wp-content\/uploads\/2023\/03\/ECO-BIO-urne-red-green.jpg\" alt=\"ECO-BIO urne red-green Danish Biofiber\" class=\"wp-image-85\" srcset=\"https:\/\/danish-biofiber.com\/wp-content\/uploads\/2023\/03\/ECO-BIO-urne-red-green.jpg 800w, https:\/\/danish-biofiber.com\/wp-content\/uploads\/2023\/03\/ECO-BIO-urne-red-green-300x300.jpg 300w, https:\/\/danish-biofiber.com\/wp-content\/uploads\/2023\/03\/ECO-BIO-urne-red-green-150x150.jpg 150w, https:\/\/danish-biofiber.com\/wp-content\/uploads\/2023\/03\/ECO-BIO-urne-red-green-768x768.jpg 768w\" sizes=\"auto, (max-width: 800px) 100vw, 800px\" \/><figcaption class=\"wp-element-caption\">ECO-BIO urne red-green Danish Biofiber<\/figcaption><\/figure>\n<\/figure>\n\n\n\n<figure class=\"wp-block-pullquote alignwide has-white-color has-text-color has-background has-medium-font-size\" style=\"border-style:none;border-width:0px;border-radius:100px;background-color:#009846\"><blockquote><p><strong><em>Vi har et lager af urne, der ikke er i vores standard farver, som vi s\u00e6lger til fordelagtig pris. Hvis dette har interesse kan vi kontakts for mere information.<\/em><\/strong><\/p><\/blockquote><\/figure>\n","protected":false},"excerpt":{"rendered":"<p>Denne dansk udviklet milj\u00f8urne er fremstillet i plantefiber og nedbrydes uden problemer i naturen &#8211;<\/p>\n","protected":false},"author":1,"featured_media":0,"parent":0,"menu_order":0,"comment_status":"closed","ping_status":"open","template":"","meta":{"footnotes":""},"class_list":["post-2","page","type-page","status-publish","hentry"],"aioseo_notices":[],"_links":{"self":[{"href":"https:\/\/danish-biofiber.com\/index.php\/wp-json\/wp\/v2\/pages\/2","targetHints":{"allow":["GET"]}}],"collection":[{"href":"https:\/\/danish-biofiber.com\/index.php\/wp-json\/wp\/v2\/pages"}],"about":[{"href":"https:\/\/danish-biofiber.com\/index.php\/wp-json\/wp\/v2\/types\/page"}],"author":[{"embeddable":true,"href":"https:\/\/danish-biofiber.com\/index.php\/wp-json\/wp\/v2\/users\/1"}],"replies":[{"embeddable":true,"href":"https:\/\/danish-biofiber.com\/index.php\/wp-json\/wp\/v2\/comments?post=2"}],"version-history":[{"count":16,"href":"https:\/\/danish-biofiber.com\/index.php\/wp-json\/wp\/v2\/pages\/2\/revisions"}],"predecessor-version":[{"id":150,"href":"https:\/\/danish-biofiber.com\/index.php\/wp-json\/wp\/v2\/pages\/2\/revisions\/150"}],"wp:attachment":[{"href":"https:\/\/danish-biofiber.com\/index.php\/wp-json\/wp\/v2\/media?parent=2"}],"curies":[{"name":"wp","href":"https:\/\/api.w.org\/{rel}","templated":true}]}}